(-3))/(2/72) is divided by n?
11
Let g(o) = o**2 - 8*o - 7. Let n be g(9). Let r = n - -1. What is the remainder when 4 is divided by r?
1
Let k = 18 + 0. Suppose 0 = 4*p + 2116 - 576. What is the remainder when (p/22)/(1/(-2)) is divided by k?
17
Let m be (-356)/(-10) - 4/(-10). Let o = -25 + m. What is the remainder when 41 is divided by o?
8
Let j = 1 - -4. Suppose 23 = 4*g - j. What is the remainder when 20 is divided by g?
6
Let l = 24 - -1. Calculate the remainder when 45 is divided by l.
20
Let r be 6 + -2 + 4/2. Suppose 6*d = 4*d + r. Let i = 10 - 1. What is the remainder when i is divided by d?
0
Let l(j) = -j**2 + 10*j + 7. What is the remainder when 10 is divided by l(10)?
3
Suppose 2*f - 2 = 4*k + 4, f = 5*k + 9. Suppose -y + 3*y - 14 = 0. Let c = k + y. Calculate the remainder when 9 is divided by c.
4
Suppose -5*v + 220 = 5*r, 3*v = 5*r - 112 - 92. Calculate the remainder when 249 is divided by r.
39
Let u = -5 + 3. Calculate the remainder when 2/(-12)*u*195 is divided by 22.
21
Suppose 5*n - 16 = 3*n. Calculate the remainder when n is divided by 4.
0
Let u = -17 + 6. Let w = -8 - u. What is the remainder when w is divided by 2?
1
Suppose 0*u - 10 = -2*u. Suppose 3*i - 4*f = 82, 0 = -i + u*f - 0*f + 9. Calculate the remainder when i is divided by 12.
10
Calculate the remainder when 30 is divided by 5 + (1 - -8)/3.
6
Suppose -8 = d - 3*d. Suppose -24 = -d*f - 0*f. Suppose -2*a + f = -12. What is the remainder when a is divided by 5?
4
Let j = -10 + 34. What is the remainder when 70 is divided by j?
22
Let t(n) = 4*n**2 - n. Let h be t(5). Suppose 5*m - m - 60 = -2*q, 0 = -5*q + m + h. Calculate the remainder when q is divided by 7.
6
Let m = 2 - -4. Suppose -k + 15 = f, 2*k - m*k + 3*f + 39 = 0. Calculate the remainder when k is divided by 7.
5
Let r(m) = -m**2 - 10*m + 16. Let h be r(-11). Suppose -36 = -h*j + 4. What is the remainder when 21 is divided by j?
5
Let w be -174 - 0*(-1)/2. Let l = -78 - w. Suppose 8*g - 4*g = l. Calculate the remainder when g is divided by 13.
11
Suppose -2*l + 4 = -0. Suppose 3*k = 2*k + 4. Suppose 0 + 12 = k*q. Calculate the remainder when q is divided by l.
1
Let z(m) = 57*m + 4. Calculate the remainder when z(1) is divided by 9.
7
Let q(c) = 2*c**2 - 2*c - 52. What is the remainder when q(-7) is divided by 16?
12
Let o be 3/((-1)/(-14)*2). Suppose 21 = 3*y + h, y - 3*h - o = -2*y. Let r(u) = -3*u - 11. Calculate the remainder when y is divided by r(-5).
3
Suppose -10*w + 13*w = 39. Calculate the remainder when 35 is divided by w.
9
Let a(i) = 3*i**2 - 4*i - 7. Calculate the remainder when 17 is divided by a(-2).
4
Let r be -4 + 1 + -1 + 2. Let h(b) = -3*b + 1. Calculate the remainder when (r - -2 - -1)*12 is divided by h(-2).
5
Suppose 4*x + 2*k = 6*k + 64, -4*x - 4*k + 32 = 0. Suppose -3*n = -x - 27. Let q = 1 + 4. What is the remainder when n is divided by q?
3
Let f = -51 + 59. Calculate the remainder when 28 is divided by f.
4
Suppose 3*z - 70 = 41. Suppose 0 = 5*h + 4*b - 22 - 51, -2*h + 16 = -5*b. Suppose -u + h = -0*u. Calculate the remainder when z is divided by u.
11
Suppose 3*p - 6*r = -2*r - 45, 0 = -r + 3. Let b(i) = -i - 3. Calculate the remainder when 21 is divided by b(p).
5
Let m(g) = -g - 11. Let s(p) = 2*p + 22. Let t be (-9)/(9/6*1). Let a(q) = t*s(q) - 13*m(q). Calculate the remainder when 9 is divided by a(-6).
4
Let r(c) = -c**2 + 7*c + 9. Let p(l) = l + 1. Let i(j) = 4*p(j) - r(j). Calculate the remainder when 8 is divided by i(5).
3
Let f(k) = k**3 + 5*k**2 + 7. Let m be f(-5). Let d(o) = 6*o - 14. Calculate the remainder when d(m) is divided by 15.
13
Let c = 2 - -3. Suppose -c = -y + 4. What is the remainder when 26 is divided by y?
8
Suppose 4 = 4*l + 5*w, -2*l - 4*w = w + 8. Let n(p) = p + 8. What is the remainder when 41 is divided by n(l)?
13
Let t(c) = c**3 + 4*c**2 + 4*c + 3. Let a be t(-2). Suppose a*k - 5*k = -16. Suppose 0 = 7*i - 2*i - 110. What is the remainder when i is divided by k?
6
Suppose 0*d + 4 = 2*d. Suppose -37 = -d*u - 11. What is the remainder when 63 is divided by u?
11
Let b(o) = 22*o - 149. Suppose -5*c = -2*c - 21. What is the remainder when c is divided by b(7)?
2
What is the remainder when 69 is divided by ((-9)/(-6))/(4/24)?
6
Let t(r) = -81*r. Let q be t(2). Let p = 14 + 0. What is the remainder when 6/(-9)*q/4 is divided by p?
13
Let q = -11 + 17. Calculate the remainder when q is divided by 5.
1
Let h(b) = -4*b**3 - b**2 + 2*b - 1. Let i be h(1). Let l be 1 - 2*-3*-1. What is the remainder when 18 is divided by (-75)/(-6)*i/l?
8
Let u(c) = -c**2 + 7*c - 3. Let y be u(6). Let l be ((-8)/y)/((-4)/12). What is the remainder when 12 is divided by 60/l + (-2)/4?
5
Let d be (-52)/(-8) - (-6)/4. Let c = d + -5. Suppose -15 = c*g, -3*y + 0*g + 2*g = -34. Calculate the remainder when 23 is divided by y.
7
Calculate the remainder when 9 is divided by (1 - 3/(-2))*2.
4
Let j = 51 + -39. Calculate the remainder when 47 is divided by j.
11
Let s(d) = -3*d**2 + 20*d - 9. Suppose 48 = 4*h + 8. What is the remainder when h is divided by s(6)?
1
Suppose -2*z + 22 = h, -2*h - 3*h = -3*z + 20. Calculate the remainder when ((-38)/(-8))/(2/8) is divided by z.
9
Let b = -12 - -21. Let w be 48 - (0 - (3 - 1)). Let j = w - b. Calculate the remainder when j is divided by 14.
13
Suppose h + 3*s - 55 = 0, 72 = 3*h - 5*s - 23. Suppose 5*m = 18 + 52. Calculate the remainder when h is divided by m.
12
Let c(j) = -j**2 - 10*j - 12. Calculate the remainder when 31 is divided by c(-6).
7
Suppose 0 = -2*g - 2 + 6. Suppose -4 = 5*u - 5*p + 1, 0 = -3*u - 3*p + 15. Suppose -g*w - u*w = -40. Calculate the remainder when 28 is divided by w.
8
Suppose 0 = 4*n - 6*n + 6. Let v = n + 34. What is the remainder when v is divided by 13?
11
Suppose 5*a - j = 2*a + 134, -a - j = -46. Calculate the remainder when a is divided by 16.
13
Let r = -42 + 57. What is the remainder when 43 is divided by r?
13
Suppose -5*t + 52 = -2*u + 4*u, -2*u = -3*t + 28. Let s = -3 + 9. Calculate the remainder when t is divided by s.
4
Suppose -2*f + f + 5 = 0. Suppose -f*o = -2*o. Suppose o = -2*n + 5*n + 2*d - 18, 0 = -n + d + 1. What is the remainder when 7 is divided by n?
3
Let j(n) = 2*n**2 + 6*n. Let i be 0/2 - (4 - 0). Calculate the remainder when 29 is divided by j(i).
5
Suppose -5*z = -32 - 23. Let j = 2 + 5. Calculate the remainder when z is divided by j.
4
Let t(z) = 3*z**2 + z - 2. Suppose 0 = 2*p - 0*p - 76. Suppose p = 3*f - 4*c, 0 = -4*f + c + c + 34. What is the remainder when f is divided by t(1)?
0
Let w(l) = -2*l + 43. What is the remainder when 4/6 - (-37)/3 is divided by w(19)?
3
Let w(f) = f**2 + 10*f + 1. Let y(h) = -2*h**2 - 19*h - 2. Let q(b) = -11*w(b) - 6*y(b). What is the remainder when 37 is divided by q(-6)?
11
Suppose 0*j - 4*j + 16 = 0. Suppose -2*d + 27 = -3*g, -3*g - 2*g + j = -d. What is the remainder when d is divided by 11?
10
Let v(c) = 2*c**2 - 4. Calculate the remainder when v(9) is divided by 40.
38
Suppose 2*f = -35 + 101. Calculate the remainder when f is divided by (68/6)/((-4)/(-6)).
16
Let g(d) = -7*d + 0 + 5*d + 0. Calculate the remainder when 4/10 - (-168)/5 is divided by g(-6).
10
Let h = 15 + 22. Suppose i - 19 = -0*i. Calculate the remainder when h is divided by i.
18
Let z(w) = -w**3 + 11*w**2 - 10*w + 15. What is the remainder when z(10) is divided by 6?
3
Suppose 2*j - 8 = 0, 2*p + 3*j - 86 = 56. Let c = 2 + 0. Suppose 21 - 65 = -c*x. What is the remainder when p is divided by x?
21
Let p = -119 + 204. Calculate the remainder when p is divided by 22.
19
Let c = 13 - 2. What is the remainder when 20 is divided by c?
9
Let m(y) = 2*y**2 + 7*y. Let o(x) = -2*x**3 + x**2 + x + 2. Let q be o(2). Calculate the remainder when (-350)/q - 3/(-12) is divided by m(-5).
14
Let x = 32 - 19. Let u be 26 + 0/(-4) - 1. Suppose -4 = -l + 3*l, -3*a + 5*l = -u. What is the remainder when x is divided by a?
3
Let s be 2/3 + 1068/18. What is the remainder when s/(-8)*(-4)/5 is divided by 4?
2
Let d be (-196)/5 - (-8)/40. What is the remainder when 69 is divided by (36/5)/(d/(-130))?
21
Suppose 8*j = 5*j - 54. Let v = j - -39. Suppose -u - 5*g = 3*u - 28, -3*u + v = -4*g. Calculate the remainder when u is divided by 5.
2
Suppose 12*y = 8*y + 92. What is the remainder